 a composite number?
False
Is 51792288931 a prime number?
False
Is 21911743663 prime?
False
Is 1742100077 a prime number?
True
Is 3842370997 a composite number?
False
Is 944336573 prime?
False
Is 1559643719 composite?
True
Is 5525594551 a composite number?
True
Is 2313422857 a prime number?
True
Is 13596874363 a prime number?
False
Is 77158095661 a composite number?
True
Is 410593019 a prime number?
True
Is 29470647047 a composite number?
False
Is 1028263895 prime?
False
Is 13913880053 a composite number?
True
Is 7831466473 a composite number?
True
Is 63300117407 a composite number?
False
Is 36831949537 a prime number?
False
Is 1014889285 a prime number?
False
Is 891191231 composite?
True
Is 94540469 composite?
False
Is 31825141891 prime?
False
Is 4803746147 prime?
False
Is 71017948201 a prime number?
True
Is 788076313 a prime number?
True
Is 3069287629 prime?
True
Is 117918329 composite?
False
Is 553252801 composite?
False
Is 52588793 composite?
True
Is 1729643719 composite?
True
Is 182430803 composite?
False
Is 1454817557 composite?
True
Is 70536720713 a prime number?
True
Is 88095612259 a prime number?
True
Is 14411431451 prime?
True
Is 892750109 a prime number?
True
Is 118065726401 a composite number?
True
Is 25184099891 a composite number?
False
Is 15750356123 composite?
False
Is 6340343411 composite?
False
Is 2861956081 prime?
False
Is 777325261 composite?
False
Is 122297214191 composite?
True
Is 1876195469 prime?
True
Is 749943203 prime?
True
Is 51516996653 composite?
False
Is 4077262351 a prime number?
False
Is 10610915989 prime?
False
Is 30372119243 composite?
False
Is 419284303 a composite number?
True
Is 3230472673 prime?
False
Is 3241336457 prime?
True
Is 34483507067 a composite number?
True
Is 330400303 composite?
False
Is 13608778793 prime?
True
Is 415029981 composite?
True
Is 1622234323 a prime number?
False
Is 17114732959 prime?
False
Is 337875047 prime?
True
Is 34161260179 a composite number?
False
Is 1273803653 prime?
True
Is 10793927 composite?
True
Is 70713056983 a prime number?
True
Is 738524168599 a composite number?
True
Is 3455768551 a composite number?
True
Is 19136303 a composite number?
False
Is 6404877461 composite?
False
Is 13079392147 a composite number?
False
Is 1332910918 a composite number?
True
Is 3101734579 a composite number?
False
Is 11078787 prime?
False
Is 15892352179 a prime number?
False
Is 8106194519 a prime number?
False
Is 16440591853 prime?
False
Is 2900817739 prime?
True
Is 367778237 composite?
True
Is 6574256939 a composite number?
False
Is 64758114317 a prime number?
False
Is 2712326861 prime?
False
Is 1857957571 prime?
False
Is 11682899153 prime?
True
Is 10122166253 a prime number?
False
Is 40951164391 a composite number?
True
Is 1633954031 prime?
False
Is 908767003 a composite number?
False
Is 9471997987 a composite number?
False
Is 6937926089 a prime number?
True
Is 4821550757 composite?
False
Is 3270890659 a prime number?
False
Is 14163908687 a composite number?
False
Is 3562168669 composite?
False
Is 4287659653 prime?
True
Is 27388782347 composite?
False
Is 16120322279 composite?
False
Is 283398029 prime?
True
Is 25748609 prime?
True
Is 7024309977 a prime number?
False
Is 226226057 composite?
False
Is 312025933 a composite number?
False
Is 2895348589 a composite number?
True
Is 16230926779 a prime number?
True
Is 1450160953 prime?
True
Is 1213583531 prime?
True
Is 4343326747 a composite number?
False
Is 1046986513 a prime number?
False
Is 47076013 a prime number?
False
Is 33734333 a composite number?
False
Is 236441842673 prime?
True
Is 2749487491 a prime number?
True
Is 850342357 composite?
True
Is 440616427 a composite number?
False
Is 2328449369 prime?
False
Is 1679822383 a composite number?
True
Is 19486491407 composite?
True
Is 2801787331 a composite number?
True
Is 1629854553 composite?
True
Is 4380158359 a prime number?
True
Is 111275824679 prime?
False
Is 6783840733 a composite number?
False
Is 702419981 prime?
True
Is 272819861 prime?
True
Is 7544102987 prime?
False
Is 4686995197 a prime number?
False
Is 1042299157 a composite number?
True
Is 2219538593 a composite number?
False
Is 3690483317 a prime number?
False
Is 1624928189 a prime number?
False
Is 484788153 prime?
False
Is 5094798883 a prime number?
True
Is 8780972533 a composite number?
True
Is 2897184671 a composite number?
True
Is 159465517 a prime number?
True
Is 117653351 prime?
True
Is 8692759289 prime?
True
Is 5567168735 a prime number?
False
Is 21144458903 a composite number?
False
Is 119684027 composite?
False
Is 1532895011 a composite number?
False
Is 1631723 composite?
False
Is 285582613 a prime number?
False
Is 23033355857 composite?
False
Is 14341928389 composite?
False
Is 73979942233 a composite number?
False
Is 21546533333 a prime number?
False
Is 11225241239 prime?
False
Is 59185111883 a prime number?
False
Is 14916369019 composite?
False
Is 5263682465 a composite number?
True
Is 21149383 a composite number?
False
Is 37798504067 composite?
True
Is 168146350601 prime?
True
Is 13376417987 composite?
False
Is 8626329683 a prime number?
True
Is 5327085107 a prime number?
True
Is 275882963 prime?
True
Is 11511579631 prime?
False
Is 379110398 prime?
False
Is 550801591 composite?
True
Is 5604262745 a composite number?
True
Is 40133983 composite?
True
Is 9280416857 a composite number?
False
Is 27702751717 prime?
False
Is 2033634805 a prime number?
False
Is 109955939801 prime?
True
Is 572552777 a composite number?
True
Is 288726367 composite?
False
Is 30000948953 a prime number?
True
Is 778672549 prime?
False
Is 56439497 composite?
False
Is 74535029141 prime?
False
Is 19486472189 a composite number?
False
Is 6188616517 a prime number?
False
Is 1021046927509 a prime number?
False
Is 5743124341 composite?
True
Is 148857479 prime?
False
Is 45763727899 prime?
True
Is 88155959 a prime number?
False
Is 1264101301 composite?
False
Is 1008772978 a prime number?
False
Is 4984333709 a prime number?
True
Is 14029444991 prime?
False
Is 1132052923 composite?
False
Is 164864734189 composite?
False
Is 126352214223 a composite number?
True
Is 16237272769 a composite number?
False
Is 22035563539 a composite number?
True
Is 7325817287 prime?
True
Is 11720053529 a composite number?
True
Is 1309570109 a composite number?
False
Is 62701790479 prime?
True
Is 621970829 a prime number?
True
Is 22659953917 prime?
True
Is 982979929 a prime number?
True
Is 708356657 prime?
True
Is 91033878773 a prime number?
True
Is 1076836687 prime?
True
Is 109414899029 composite?
True
Is 7282801691 a composite number?
True
Is 116206040413 prime?
True
Is 34436916061 a composite number?
True
Is 29874961493 a prime number?
False
Is 5811174923 composite?
True
Is 8467118843 a prime number?
False
Is 810502379 prime?
False
Is 19025855767 a composite number?
False
Is 10961997 composite?
True
Is 800892439 composite?
False
Is 162234049 prime?
True
Is 4461543527 a composite number?
True
Is 2640101999 composite?
False
Is 1519059187 prime?
True
Is 327799415 prime?
False
Is 417206521 prime?
False
Is 232396823 prime?
False
Is 368679967 a prime number?
False
Is 5017944089 composite?
False
Is 46122190681 a composite number?
True
Is 37907272987 composite?
True
Is 225586474243 a composite number?
True
Is 1780190329 a composite number?
True
Is 1090454353 composite?
False
Is 8009896621 a composite number?
False
Is 6791652839 prime?
True
Is 6137988959 a composite number?
False
Is 531835963 a composite number?
True
Is 3316963763 composite?
False
Is 8380739399 a prime number?
False
Is 2442988081 composite?
False
Is 2181037139 prime?
False
Is 4560046703 a prime number?
True
Is 64408973989 a composite number?
False
Is 21136787569 composite?
False
Is 1673337119 a composite number?
True
Is 86754726511 a composite number?
True
Is 1269731101 a composite number?
False
Is 29341062389 composite?
False
Is 831679867 composite?
False
Is 12510421967 a prime number?
True
Is 408768779 a composite number?
False
Is 795134663 composite?
False
Is 19233366701 a prime number?
True
Is 9101534227 a prime number?
True
Is 6657737369 prime?
True
Is 73964007053 a prime number?
False
Is 5944519769 a composite number?
True
Is 291410347 composite?
False
Is 12595446811 a composite number?
False
Is 22140674117 a